 + -17?
-13
In base 8, what is -34641 - 3?
-34644
In base 10, what is -1 - 13?
-14
In base 9, what is 2 - -140?
142
In base 4, what is 1 + -1120?
-1113
In base 4, what is -11 - 2?
-13
In base 6, what is -21100 + -1?
-21101
In base 11, what is 3 - -6a?
72
In base 14, what is 602 - -c?
610
In base 7, what is -3 + -254?
-260
In base 8, what is 3 + 4?
7
In base 4, what is -2 + 2213?
2211
In base 7, what is -1 - -134?
133
In base 3, what is 1 - -10001?
10002
In base 8, what is 3016 - -15?
3033
In base 15, what is -456 - 4?
-45a
In base 9, what is -3 + -20?
-23
In base 14, what is 13 - b?
6
In base 16, what is 3 - 10?
-d
In base 9, what is -1303 + -1?
-1304
In base 7, what is -12 + -5?
-20
In base 7, what is 2 - -351?
353
In base 13, what is -c - -a1?
92
In base 9, what is 52 - -2?
54
In base 10, what is 5 + 3033?
3038
In base 7, what is -263 - 5?
-301
In base 11, what is 157 + a?
166
In base 8, what is -321 - 17?
-340
In base 11, what is -1 + -1194?
-1195
In base 2, what is -1111 - -1100?
-11
In base 8, what is 2 + -6241?
-6237
In base 2, what is -1000101 - 100?
-1001001
In base 3, what is -1 + 11001?
11000
In base 13, what is 1a - c?
b
In base 8, what is -222 + -121?
-343
In base 13, what is 11 + -65?
-54
In base 4, what is -10 + -12100?
-12110
In base 10, what is -8 - -16?
8
In base 16, what is -10e - 4?
-112
In base 10, what is -13 - 4?
-17
In base 11, what is 26a + -1?
269
In base 7, what is 3563 + -12?
3551
In base 3, what is -1012 - 1021?
-2110
In base 16, what is -ad + -1?
-ae
In base 10, what is -553 - -1?
-552
In base 13, what is 0 - ba8?
-ba8
In base 7, what is -16002 + -4?
-16006
In base 14, what is -389 + 7?
-382
In base 7, what is -162 + 424?
232
In base 4, what is 102 - 10?
32
In base 12, what is 3 - -43?
46
In base 5, what is 14333 - 10?
14323
In base 6, what is -1 - -231?
230
In base 12, what is -16 + 5aa?
594
In base 16, what is -38e + 5?
-389
In base 11, what is 31 + 5?
36
In base 6, what is -21 - 55?
-120
In base 4, what is -301101 + 2?
-301033
In base 14, what is 2 - ab0?
-aac
In base 12, what is -1 - 300?
-301
In base 3, what is -1100000 + 1?
-1022222
In base 16, what is 2 - 25?
-23
In base 14, what is 76 - 2?
74
In base 5, what is 24 + -4014?
-3440
In base 4, what is -1003221 - 11?
-1003232
In base 10, what is 49 + 1?
50
In base 12, what is 76 + 20?
96
In base 5, what is 2020 - -14?
2034
In base 13, what is 1c5 + 11?
206
In base 13, what is -55 + -5?
-5a
In base 12, what is -5 + -347?
-350
In base 8, what is 2016 + -35?
1761
In base 14, what is 2 + 1320?
1322
In base 6, what is 1033 + -13?
1020
In base 16, what is -20 + 3e?
1e
In base 10, what is -65 - 5?
-70
In base 3, what is 12 - -2002?
2021
In base 7, what is 25 + -10?
15
In base 4, what is -2331 - -1?
-2330
In base 14, what is 4 + -8d2?
-8cc
In base 6, what is -32 + -1?
-33
In base 10, what is -190 + -5?
-195
In base 16, what is -9 - 48?
-51
In base 3, what is -221 - -1120?
122
In base 10, what is 110 - 2?
108
In base 14, what is a19 - 0?
a19
In base 16, what is -3 + 94?
91
In base 3, what is -2211000 - -10?
-2210220
In base 10, what is -922 - 4?
-926
In base 14, what is -11a5 + -1?
-11a6
In base 4, what is 101 - 111?
-10
In base 14, what is -4 + -119?
-11d
In base 11, what is 17 + 3?
1a
In base 16, what is a99 - -a?
aa3
In base 13, what is -3 - 22a?
-230
In base 12, what is 0 - 16?
-16
In base 8, what is 3 - 1031?
-1026
In base 8, what is -63 - 10?
-73
In base 15, what is 41 - 4?
3c
In base 8, what is -13 + -10?
-23
In base 3, what is 1 + -1222?
-1221
In base 6, what is 10 - 54?
-44
In base 10, what is -365 - 4?
-369
In base 10, what is 0 + -66?
-66
In base 11, what is 6 - 3?
3
In base 15, what is 4 + 38?
3c
In base 4, what is -1 - 12020?
-12021
In base 14, what is 84c1 + 1?
84c2
In base 16, what is -4 + -a0d?
-a11
In base 4, what is -210 - -1?
-203
In base 7, what is -14 - -50?
33
In base 5, what is -1 + -1231?
-1232
In base 3, what is -112 - 1011200?
-1012012
In base 13, what is 66 + -2?
64
In base 13, what is 5cc - 5?
5c7
In base 14, what is -5 + 103?
dc
In base 14, what is -6 - -520?
518
In base 10, what is 1500 + -1?
1499
In base 16, what is -10 - -473?
463
In base 16, what is -92 - 4?
-96
In base 2, what is 11 - 1010110?
-1010011
In base 9, what is 102 + 11?
113
In base 16, what is -218 - 7?
-21f
In base 3, what is 20 + -1002002?
-1001212
In base 12, what is 5 + 54?
59
In base 6, what is 10 + -1245?
-1235
In base 2, what is 10110010010 - -11?
10110010101
In base 5, what is -3 - 2231?
-2234
In base 11, what is 2 - -1a12?
1a14
In base 12, what is -a - -1?
-9
In base 13, what is -42 - -2?
-40
In base 5, what is 213244 - -4?
213303
In base 2, what is -101101111111 - -11?
-101101111100
In base 10, what is -20 + -8?
-28
In base 12, what is 3a + 5?
43
In base 3, what is 10 + 1121?
1201
In base 15, what is -6 - -102?
eb
In base 9, what is 6 - -263?
270
In base 2, what is 101 + -10010111100?
-10010110111
In base 14, what is -1 - 15?
-16
In base 11, what is 0 + 20?
20
In base 12, what is 5 - -47?
50
In base 6, what is 535 + 1?
540
In base 8, what is -72 - 7?
-101
In base 5, what is 10 - -1223?
1233
In base 2, what is 10100101101 + -101?
10100101000
In base 10, what is -35 - -30?
-5
In base 2, what is 1001010001111 - 10?
1001010001101
In base 7, what is 2 + -500?
-465
In base 11, what is -a + 11?
2
In base 14, what is -2749 - -3?
-2746
In base 2, what is 1010111010011 - 0?
1010111010011
In base 10, what is 563 + 5?
568
In base 16, what is 948 + -8?
940
In base 13, what is 3 - 41?
-3b
In base 2, what is 1001111 - 10?
1001101
In base 8, what is 3 + -40?
-35
In base 3, what is -1212000 - -10?
-1211220
In base 13, what is 13 - 60a?
-5c7
In base 12, what is 1a9 - 3b?
16a
In base 11, what is -60 + -5?
-65
In base 15, what is c - -25?
32
In base 15, what is 4b1 + 4?
4b5
In base 13, what is 46 + -10?
36
In base 16, what is 1 + 424?
425
In base 8, what is -11 - -42?
31
In base 10, what is 1 - -146?
147
In base 12, what is -824 - -5?
-81b
In base 16, what is -3e - bb?
-f9
In base 7, what is 0 - 32322?
-32322
In base 3, what is 11121 - -1002?
12200
In base 2, what is -1110010100 - 101?
-1110011001
In base 8, what is 310 + 0?
310
In base 3, what is -112200 + -11?
-112211
In base 5, what is 2 - 20340?
-20333
In base 6, what is 2 - 302?
-300
In base 8, what is -1447 - 1?
-1450
In base 11, what is -5 + 16?
11
In base 2, what is 1111 - 100011110?
-100001111
In base 7, what is 2160 + -3?
2154
In base 6, what is 15120 + -1?
15115
In base 7, what is 16 - -33?
52
In base 15, what is -15 + -4b?
-61
In base 8, what is 5 + 231?
236
In base 7, what is 113 - 122?
-6
In base 9, what is 25 - -5?
31
In base 7, what is 6630 + -3?
6624
In base 5, what is -10 - 4404?
-4414
In base 9, what is 3 + -35?
-32
In base 5, what is 3 - -113400?
113403
In base 3, what is -201200 + 10?
-201120
In base 5, what is 44 - -414?
1013
In base 8, what is 0 + -350?
-350
In base 10, what is 8 + 793?
801
In base 4, what is 13 + -2333?
-2320
In base 5, what is -340 + 10?
-330
In base 4, what is 10 - -313?
323
In base 7, what is -15 + 44?
26
In base 12, what is -1 + -229?
-22a
In base 13, what is 9 + 12b?
137
In base 7, what is 2 + 412?
414
In base 8, what is 4 + -1?
3
In base 7, what is -6423 + 2?
-6421
In base 16, what is 5 + 47?
4c
In base 15, what is 2 - 854?
-852
In base 10, what is 11 + -210?
-199
In base 13, what is 8 + -16?
-b
In base 4, what is -1311033 + -3?
-1311102
In base 5, what is -32010 + -4?
-32014
In base 6, what is -5 + 5251?
5242
In base 6, what is -114 + 520?
402
In base 9, what is 3 - -35?
38
In base 12, what is 13 - 163?
-150
In base 6, what is -1134 - -34?
-1100
In base 6, what is 1 + -450?
-445
In base 3, what is 101012 + 12?
101101
In base 11, what is -551 + 5?
-547
In base 13, what is 4 - 647?
-643
In base 16, what is -1d8 - 2?
-1da
In base 9, what is 2 + 15?
17
In base 6, what is -32 - -10432?
10400
In base 3, what is -1122 + -20?
-1212
In base 6, what is 1 - -40?
41
In base 14, what is -1b9 + -1?
-1ba
In base 16, what is -c9 + 6?
-c3
In base 11, what is -252 - -3?
-24a
In base 12, what is 1 + -64?
-63
In base 2, what is 10 - 1101110?
-1101100
In base 13, what is 51 - -8b?
10c
In base 2, what is -10111100011 - -100?
-10111011111
In base 9, what is 11655 - -1?
11656
In base 9, what is 220 + 10?
230